ime?
True
Let s be (3 + 12/9)*-21. Is (-4)/(-14) + (-6071)/s a composite number?
False
Let y(u) = 7*u + 28. Suppose -484 = 4*o + 7*o. Let w be (-5)/(20/o) - 4. Is y(w) a composite number?
True
Is 177879 - (-20 - 432/(-27)) a composite number?
False
Suppose -5*x - 212 = 5*p + 4448, 3*p - 2*x + 2776 = 0. Let f = p - -1673. Is f a composite number?
True
Suppose -m = 4*v - 25409, -3*m = 2*v - 7363 - 5334. Is v composite?
False
Suppose 3*a - 231305 - 11986 = 0. Is a prime?
True
Let c(u) = -9 + 56*u**2 - 2*u + 1 + 9. Let q = 1 - -2. Is c(q) prime?
True
Let u = -470 - -467. Is (-4 - (u - -1))*111080/(-16) a composite number?
True
Suppose -4*y = 4*x - 565192, 58189 = 3*x + 5*y - 365699. Is x a prime number?
True
Let r(s) = -s**3 - 7*s**2 + 17*s + 19. Let p be r(-8). Let u = p - -53. Suppose 3*h + 3*y - 1777 - 1994 = 0, u = -5*h - 2*y + 6291. Is h a prime number?
True
Let y(o) = 68*o + 2974. Is y(26) prime?
False
Let d = -1667029 + 3174918. Is d a composite number?
False
Suppose 0 = -4*z - 4*s - 48, -2*z - 2*s - 2*s = 34. Let i(b) be the first derivative of 10*b**3/3 + b**2 - 10*b - 544. Is i(z) a prime number?
False
Let y(r) = -91*r - 84. Let v(n) = -273*n - 229. Let j(u) = -3*v(u) + 8*y(u). Suppose 31 = 4*f + 5*k, 3*f + k + k = 18. Is j(f) composite?
False
Let g(r) = -r**3 - 32*r**2 - 36*r - 94. Let w be g(-31). Suppose -64*q + 18137 = p - w*q, 0 = 4*p + 2*q - 72548. Is p a composite number?
True
Let f be (1425/9)/((-13)/(-3042)). Suppose 21*l = -11577 + f. Is l a prime number?
True
Suppose -27*j + 55875351 + 20871798 = 0. Is j composite?
False
Let z = 181 + -175. Let v(j) = 16*j**3 + 6*j**2 - 27*j + 37. Is v(z) a prime number?
True
Suppose -9*z + 7*z + 16 = 0. Let d be -3 + (z - -1) + -2. Suppose d*b = -16, 0 = 2*f + 2*f - 3*b - 1648. Is f composite?
False
Let g(w) = 58*w**2 - 9*w + 26. Let l be g(8). Suppose -4400 = -2*b + l. Is b composite?
True
Suppose 90729590 = 65*h + 11*h - 25249830. Is h a prime number?
False
Is (-769657)/(-21) + 64/24 prime?
True
Is (12517278/33)/(16/24) + (-14)/77 prime?
False
Let u(k) = 31*k**2 + 3*k + 125. Let a be u(-20). Suppose 16*j + a = 25*j. Is j composite?
True
Suppose -5*y + y - 50 = x, 2*x + 85 = -5*y. Is ((-65838)/15)/((-138)/x - 5) a composite number?
False
Let l = 0 + -2. Let q(p) = 105*p**2 + 4*p - 9. Let f(o) = -318*o**2 - 11*o + 26. Let z(x) = -6*f(x) - 17*q(x). Is z(l) a prime number?
False
Let a = -63 - -97. Suppose -29*l = -a*l + 45. Is (-6)/l + (-2550)/(-18) a composite number?
True
Let o(f) = 46*f**2 - 14*f + 3. Let x(c) = -45*c**2 + 13*c - 1. Let d(k) = -3*o(k) - 4*x(k). Is d(-9) a composite number?
True
Let k(v) = -22336*v + 7. Is k(-4) a prime number?
False
Suppose -8*a + 12*a = 5*a. Suppose h + 8*h - 18567 = a. Is 4/10 + 0 - h/(-5) a prime number?
False
Let g = 298 - 298. Suppose 0 = 5*m - 8*m + t + 13686, -4*m + 4*t + 18256 = g. Is m composite?
False
Let i(r) = 13835*r - 1674. Is i(5) prime?
False
Let r(p) = 43*p - 37*p + 2*p**2 - 13*p**3 - 2 - p**2 - 32. Let j be r(-15). Is 0 + -4 + j/(8 + 0) a prime number?
False
Suppose -4*t + 7*t = -2*h + 36, -28 = -4*t + 4*h. Let i(y) = 2*y**2 - 2*y - 1. Let k be i(2). Suppose -5*a + 1454 = 3*v, k*v + 1 = t. Is a composite?
True
Suppose -o + 17 = 2*g, 5*g - 10 = 4*g + o. Suppose b + 14*v = g*v + 10326, v = -3*b + 30908. Is b a composite number?
False
Let r(q) = 358*q**2 + 22*q + 251. Is r(17) a prime number?
True
Let b be 58007/4 - ((-21)/(-28))/(-3). Suppose 228*g - 234*g + b = 0. Is g a composite number?
False
Let k(z) = 30 - 32*z**2 - 28*z - 11*z + 14 + 5 + z**3. Is k(35) prime?
False
Let u be (-4)/(-58) - 2165926/(-2059). Let c = u + -826. Is c a composite number?
True
Let g = 77 - 74. Suppose -g = -20*p + 19*p. Suppose -13*m - p*m = -2128. Is m composite?
True
Is (1 + (-818856 - (0 + 3)))/(-28 - -26) composite?
False
Let w = -74 + 64. Let n be (w - (-4 - -7))*-104 + 2. Let u = n - 635. Is u prime?
True
Suppose 3*a - 3 = -3*r + 12, 2*r - 10 = -5*a. Suppose -9*t + 735 - 213 = a. Let w = 61 - t. Is w composite?
False
Let d = -309 - -751. Suppose 0 = j + f - d, f = 5*j - 2*f - 2234. Is j composite?
True
Let i(a) = -4*a + 8. Let g be i(2). Suppose g = -t + 5*t - 4*j - 52396, -65475 = -5*t + j. Is t prime?
False
Let a = -96 - -112. Suppose -5*m = 5*q - 2*m - 4727, 4*m = a. Is q prime?
False
Suppose -2*z + 4*l = -1901322, -15*l + 12*l + 1901315 = 2*z. Is z a prime number?
False
Let w = -1423 - -2808. Suppose 12*z + 329 = w. Is (9966/z)/(2/8) a prime number?
False
Suppose -142461 = -3*b - 3*f, -237385 = -5*b - 10*f + 15*f. Suppose 20*q - 24558 = b. Is q composite?
True
Suppose 3*l - 4*w + 4 = -0*l, w = -l + 8. Let u(z) = 209*z + 127. Let r(f) = -209*f - 105. Let g(j) = -5*r(j) - 4*u(j). Is g(l) a composite number?
False
Suppose 0*z = -2*z + 8. Suppose z*w - 18 = -5*q, 6*w = -2*q + 4*w + 8. Is 7*386 + q/((-10)/(-15)) a composite number?
True
Let x(b) = -b + 8. Let a be x(-7). Suppose -a*f + 48 = -3*f. Suppose f*j = -108 + 2336. Is j a composite number?
False
Suppose 0 = -5*j + 4*o + 16691, -j = -0*j + 2*o - 3327. Let x = j - 1946. Is x prime?
False
Suppose 109*o = 66*o + 640829. Is o composite?
True
Let d(z) = -28*z + 368. Let q be d(13). Suppose 4*j - 1033 = -4*n + 5775, -n = q. Is j a composite number?
True
Let a = -222 - -227. Suppose -5935 = -a*g - 0*g. Is g composite?
False
Suppose 38398 = t + 11127. Is t a composite number?
False
Let r = 10429 - 5522. Is r prime?
False
Suppose 6*y = -2*y - 8*y + 6094544. Is y composite?
False
Suppose -54595 = -5*z + 9*n - 14*n, -43646 = -4*z + 2*n. Suppose 4*k + 3655 = q, 3*q = -2*k - 3*k + z. Is q a prime number?
True
Let y(k) = 28*k**3 + 4*k**2 + 8*k + 5. Let c(p) = 5*p - 2*p - 7*p**3 + 64*p**3 + 7*p**2 + 9 + 12*p. Let v(q) = 6*c(q) - 11*y(q). Is v(1) composite?
True
Let p = 4818753 - 2771716. Is p composite?
False
Is 33/(1452/44)*(-1 - -12444) prime?
False
Suppose -3*s + 17 = -1. Suppose -2*u = -s*u + 1516. Let k = 750 - u. Is k a prime number?
False
Suppose 2*m = 3*o, -5*o = 2*m - 1 - 31. Suppose -m*w = -3941 - 373. Let x = -340 + w. Is x prime?
True
Suppose 3*u = 3*f - 1 - 5, -4*u + 10 = 5*f. Let s be (-3)/12*(u + -8). Let r(b) = 25*b**3 + b**2 + 7*b - 7. Is r(s) a composite number?
False
Is 19/((-8)/(-48)*3/(-409)*-2) prime?
False
Let b(k) = -2*k - 16. Let l be b(-8). Suppose -m + 4*q - 6*q = -1221, -3*m + 4*q + 3693 = l. Suppose 0 = -x - 2*x + m. Is x composite?
False
Suppose 5*g - 17954 = -36*w + 33*w, w - 3*g - 5980 = 0. Is w a prime number?
False
Suppose 9906924 = -56*w + 68*w. Is w composite?
False
Is 18/(-45) + 4 + (1905308/5)/4 a composite number?
True
Let b(c) = c**3 - 7*c**2 - 11*c + 5. Let q be b(9). Let m = -60 + q. Suppose 3*z = -3*l + 4155, m*z - 3*z - 6933 = -l. Is z prime?
False
Suppose -53406 = 4*w + 5*w. Let z = w + 8407. Is z composite?
False
Let g(o) = -9*o**3 - 178*o**2 + 41*o + 27. Let y be g(-20). Suppose s = 24 + 8. Let z = s - y. Is z prime?
False
Suppose -11*v + 12*v = -1. Let d be (0/(-5) - (-1 - v)) + 413. Suppose 0 = -45*b + 46*b - d. Is b a composite number?
True
Let t be (-7 + 34/4)/(3/427956). Is t/8 + 5/(-20) a composite number?
True
Let x = 41 - 37. Suppose -232 = -x*o - 4*b, 3*o = -2*b + 5*b + 180. Is o composite?
False
Let j(o) = 28*o**2 + 32*o + 743. Is j(-45) composite?
False
Is -11 + 999350/161 - 6/(-7) a composite number?
False
Let i(u) = 8*u + 186. Let w be i(-23). Is (-4659)/w*48/(-72) composite?
False
Let p(g) = g**3 + 15*g**2 - 34*g + 2. Let b be p(-17). Let l(y) = y**2 - 2*y - 3. Let m be l(3). Is 2/(b + m) - -4200 composite?
False
Suppose 0 = -2*j + 3*i - 1 + 19, 2*j = -5*i - 14. Suppose 0 = g + j*a + 12, -a - 5 - 10 = 4*g. Is 209 - (2 + -1 + g) composite?
False
Let t(u) = 5*u + 5*u**2 - 3*u + 2 - 1 - 4. Let o be t(4). Suppose o = 2*b - 31. Is b prime?
False
Let w = 170028 + 87401. Is w prime?
False
Let j = -97524 - -158017. Is j prime?
True
Let x = 672 - 695. Let p(m) = -49*m + 24. Is p(x) a prime number?
True
Is (299 - -3423)/(4/22) prime?
False
Suppose 421346 = -40*b + 2090266. Is b prime?
False
Let r(k) = -k**2 - 5. Let g be r(5). Is 338475/g*(-6)/15 a composite number?
False
Let h be (1 - (-4037)/2)*2. Let s = -2384 + h. Is s composite?
True
Let q(z) = 560*z**2 + 4*z + 5. Let r = 157 + -163. Is q(r) composite?
True
Let w = -93 + 76. Let z(x) = 13*x**2 + 9*x - 11. 